{"id":105,"date":"2023-05-25T19:13:31","date_gmt":"2023-05-25T17:13:31","guid":{"rendered":"https:\/\/purecybersec.pl\/?page_id=105"},"modified":"2023-08-01T16:51:26","modified_gmt":"2023-08-01T14:51:26","slug":"podcast","status":"publish","type":"page","link":"https:\/\/purecybersec.pl\/index.php\/podcast\/","title":{"rendered":"Podcast"},"content":{"rendered":"\n<figure class=\"wp-block-image size-large\"><img loading=\"lazy\" decoding=\"async\" width=\"1024\" height=\"193\" src=\"https:\/\/purecybersec.pl\/wp-content\/uploads\/2023\/05\/podcast-1024x193.png\" alt=\"\" class=\"wp-image-106\" srcset=\"https:\/\/purecybersec.pl\/wp-content\/uploads\/2023\/05\/podcast-1024x193.png 1024w, https:\/\/purecybersec.pl\/wp-content\/uploads\/2023\/05\/podcast-300x57.png 300w, https:\/\/purecybersec.pl\/wp-content\/uploads\/2023\/05\/podcast-768x145.png 768w, https:\/\/purecybersec.pl\/wp-content\/uploads\/2023\/05\/podcast-1536x289.png 1536w, https:\/\/purecybersec.pl\/wp-content\/uploads\/2023\/05\/podcast-2048x386.png 2048w, https:\/\/purecybersec.pl\/wp-content\/uploads\/2023\/05\/podcast-850x160.png 850w\" sizes=\"auto, (max-width: 1024px) 100vw, 1024px\" \/><\/figure>\n\n\n\n<p>Moje podkasty mo\u017ce odnale\u017a\u0107 na najpopularniejszych platformach podcast&#8217;owych jak r\u00f3wnie\u017c na stronie Polskiego Radia, z kt\u00f3rym wsp\u00f3\u0142pracuj\u0119 przy ich tworzeniu. <\/p>\n\n\n\n<p><\/p>\n\n\n\n<ul class=\"wp-block-list\">\n<li><a href=\"https:\/\/podcasts.apple.com\/pl\/podcast\/cyberbezpieczni\/id1605646034\" target=\"_blank\" rel=\"noreferrer noopener\">Apple Podcasts<\/a><\/li>\n\n\n\n<li>Google Podcast <\/li>\n\n\n\n<li><a href=\"https:\/\/open.spotify.com\/show\/3LhoXBG9i3Q5kWGPCV0b0y\" target=\"_blank\" rel=\"noreferrer noopener\">Spotify<\/a><\/li>\n\n\n\n<li><a href=\"https:\/\/podcasty.polskieradio.pl\/podcast\/201\" target=\"_blank\" rel=\"noreferrer noopener\">Polskie Radio<\/a><\/li>\n<\/ul>\n\n\n\n<p><\/p>\n","protected":false},"excerpt":{"rendered":"<p>Moje podkasty mo\u017ce odnale\u017a\u0107 na najpopularniejszych platformach podcast&#8217;owych jak r\u00f3wnie\u017c na stronie Polskiego Radia, z kt\u00f3rym wsp\u00f3\u0142pracuj\u0119 przy ich tworzeniu.<\/p>\n","protected":false},"author":1,"featured_media":0,"parent":0,"menu_order":0,"comment_status":"closed","ping_status":"closed","template":"","meta":{"footnotes":""},"class_list":["post-105","page","type-page","status-publish","hentry"],"_links":{"self":[{"href":"https:\/\/purecybersec.pl\/index.php\/wp-json\/wp\/v2\/pages\/105","targetHints":{"allow":["GET"]}}],"collection":[{"href":"https:\/\/purecybersec.pl\/index.php\/wp-json\/wp\/v2\/pages"}],"about":[{"href":"https:\/\/purecybersec.pl\/index.php\/wp-json\/wp\/v2\/types\/page"}],"author":[{"embeddable":true,"href":"https:\/\/purecybersec.pl\/index.php\/wp-json\/wp\/v2\/users\/1"}],"replies":[{"embeddable":true,"href":"https:\/\/purecybersec.pl\/index.php\/wp-json\/wp\/v2\/comments?post=105"}],"version-history":[{"count":3,"href":"https:\/\/purecybersec.pl\/index.php\/wp-json\/wp\/v2\/pages\/105\/revisions"}],"predecessor-version":[{"id":113,"href":"https:\/\/purecybersec.pl\/index.php\/wp-json\/wp\/v2\/pages\/105\/revisions\/113"}],"wp:attachment":[{"href":"https:\/\/purecybersec.pl\/index.php\/wp-json\/wp\/v2\/media?parent=105"}],"curies":[{"name":"wp","href":"https:\/\/api.w.org\/{rel}","templated":true}]}}